s 5 - 133?
-129
In base 7, what is 136 - 14?
122
In base 14, what is -23 - c?
-31
In base 8, what is -324 + 2?
-322
In base 6, what is 3 - 14?
-11
In base 10, what is 14 - 15?
-1
In base 13, what is -5 - -82?
7a
In base 6, what is 25 + 4?
33
In base 2, what is -110001 + -111?
-111000
In base 2, what is -110100 + 110?
-101110
In base 5, what is -2220 - 1?
-2221
In base 11, what is -65 + 1?
-64
In base 16, what is 6f4 + -3?
6f1
In base 2, what is 111 - 100101?
-11110
In base 16, what is -6b - 0?
-6b
In base 4, what is 11 - 22033?
-22022
In base 13, what is -c + 3?
-9
In base 4, what is 310 - -11021?
11331
In base 14, what is 1 - -4c9?
4ca
In base 10, what is -5 + -23?
-28
In base 13, what is -6a - -c?
-5b
In base 15, what is -6a - 70?
-da
In base 12, what is -64 - 62?
-106
In base 6, what is 114 - -3204?
3322
In base 8, what is -2 + 65?
63
In base 10, what is -55 - 14?
-69
In base 2, what is 100 - 1111?
-1011
In base 16, what is -24 - a3?
-c7
In base 2, what is -10001110 - -1?
-10001101
In base 15, what is -115e + -4?
-1163
In base 7, what is 3 + 11200?
11203
In base 7, what is -34216 - -3?
-34213
In base 2, what is 10001000 - 100?
10000100
In base 9, what is 5 + 40?
45
In base 10, what is -125 + 21?
-104
In base 13, what is 13 + -29?
-16
In base 12, what is 1a + -2b3?
-295
In base 3, what is 121 - -1000?
1121
In base 8, what is -101 - -5?
-74
In base 13, what is 2 - -459?
45b
In base 8, what is -11 - -3402?
3371
In base 2, what is -10 - 1010011100?
-1010011110
In base 7, what is 2 - 531?
-526
In base 4, what is 3010 + -3?
3001
In base 15, what is c + -28?
-1b
In base 15, what is 6a + -b?
5e
In base 11, what is -49 - -25a?
211
In base 16, what is 3a - -4?
3e
In base 8, what is 3757 - -2?
3761
In base 11, what is 2 - -2934?
2936
In base 15, what is -2 - bb?
-bd
In base 7, what is 36 - -1112?
1151
In base 10, what is 2 - 3042?
-3040
In base 6, what is -13 - 24?
-41
In base 11, what is 350 + 6?
356
In base 6, what is -130 - -4?
-122
In base 13, what is -6153 - 2?
-6155
In base 16, what is 1b - 83?
-68
In base 6, what is 302 + -2?
300
In base 9, what is -4663 - 1?
-4664
In base 4, what is 111 - -101?
212
In base 5, what is 204 + 1000?
1204
In base 5, what is -3 - -3420?
3412
In base 15, what is -3 - b7?
-ba
In base 2, what is 10 - -1000111?
1001001
In base 3, what is -1020201 + -2?
-1020210
In base 4, what is 2 + 2220?
2222
In base 16, what is 4e + 6?
54
In base 7, what is 13 + -23?
-10
In base 11, what is 36 + 9?
44
In base 12, what is 6 - -148?
152
In base 3, what is 111 + -11?
100
In base 3, what is 200011 - -1?
200012
In base 3, what is -122 - 122?
-1021
In base 6, what is -44 - -1?
-43
In base 4, what is -211 + 2?
-203
In base 5, what is 1244 + 10?
1304
In base 6, what is 15322 + 3?
15325
In base 7, what is -235 + 3?
-232
In base 4, what is 130 - 30?
100
In base 16, what is -2c1 - 3?
-2c4
In base 15, what is 3b - -4?
40
In base 2, what is 1101 + -100110001?
-100100100
In base 15, what is -4 + 15?
11
In base 12, what is 6387 + -1?
6386
In base 6, what is 20 + 54?
114
In base 11, what is -49 - 9?
-57
In base 8, what is 41 + 2?
43
In base 2, what is 110000000010 + -100?
101111111110
In base 11, what is -6 - 34?
-3a
In base 10, what is -3 - 9?
-12
In base 6, what is -2 + -50?
-52
In base 8, what is 1341 + 2?
1343
In base 2, what is -11100010 + 101110?
-10110100
In base 10, what is 1 + 8909?
8910
In base 16, what is db + 9?
e4
In base 15, what is -53 + -1c?
-70
In base 9, what is -31 - 5?
-36
In base 15, what is 5 + -40?
-3a
In base 9, what is -42 + 5?
-36
In base 7, what is 223 + -3?
220
In base 4, what is 3300 + -1003?
2231
In base 3, what is 10 + 101?
111
In base 15, what is -156e - 4?
-1573
In base 8, what is -4 + -543?
-547
In base 14, what is 3 + 3c8?
3cb
In base 8, what is 12 + -357?
-345
In base 10, what is -10 - 44?
-54
In base 14, what is -4 - -3?
-1
In base 4, what is 12201 - -3?
12210
In base 6, what is -11 + 1010?
555
In base 13, what is -78 + -1?
-79
In base 6, what is -154 - 15?
-213
In base 6, what is 301 - -310?
1011
In base 12, what is b8a - 0?
b8a
In base 10, what is -13 - 14?
-27
In base 11, what is 4a + -13?
37
In base 5, what is -101 - -3?
-43
In base 9, what is 0 - -33?
33
In base 15, what is 87 - 0?
87
In base 15, what is -9 - 3c?
-46
In base 4, what is -1 - -1023311?
1023310
In base 12, what is 58 - 5?
53
In base 4, what is -1102 - 1?
-1103
In base 16, what is -319 + -2d?
-346
In base 9, what is 3 - -1223?
1226
In base 11, what is -63 - -2?
-61
In base 8, what is 514 - -2?
516
In base 5, what is -4 + 4312?
4303
In base 12, what is -147 - 53?
-19a
In base 15, what is 1b + 2?
1d
In base 10, what is 354 + 2?
356
In base 7, what is -114 - -5?
-106
In base 16, what is 233 - -5?
238
In base 16, what is -5 + -116?
-11b
In base 4, what is -3030 + 0?
-3030
In base 12, what is -2 + 13?
11
In base 6, what is -1 + 453?
452
In base 13, what is 41a - -12?
42c
In base 2, what is -1101000 - -10101?
-1010011
In base 5, what is -12 + 1244?
1232
In base 4, what is -11 - 20033?
-20110
In base 3, what is 1000010 + 0?
1000010
In base 13, what is -94 - 32?
-c6
In base 10, what is -870 + -14?
-884
In base 9, what is 10 + -118?
-108
In base 10, what is -36 + 6?
-30
In base 4, what is 2 - -1?
3
In base 6, what is 22 + 110?
132
In base 3, what is -10201 + 2?
-10122
In base 14, what is -3c9b + -3?
-3ca0
In base 10, what is -1917 - 5?
-1922
In base 11, what is 575 - 1?
574
In base 16, what is -1 + -970?
-971
In base 11, what is -8 - 162?
-16a
In base 3, what is 21 - 22110?
-22012
In base 12, what is -2a1 + -2?
-2a3
In base 6, what is 12 - -4252?
4304
In base 3, what is -1120 - 122?
-2012
In base 9, what is 2 + 46?
48
In base 12, what is -2 + 572b?
5729
In base 4, what is -1023100 - -3?
-1023031
In base 16, what is -12 - -36?
24
In base 4, what is 21 + -1211?
-1130
In base 15, what is -3 + -10c?
-110
In base 8, what is -1764 - 0?
-1764
In base 2, what is 100010111 - -1110?
100100101
In base 9, what is 18834 - -5?
18840
In base 5, what is -1 + -104?
-110
In base 8, what is -44 + 1?
-43
In base 11, what is 2 + 27?
29
In base 4, what is 233 - 2131?
-1232
In base 8, what is -24554 - -1?
-24553
In base 5, what is 3331 - -4?
3340
In base 14, what is 3 - 48b?
-488
In base 15, what is -4 - 264?
-268
In base 9, what is 5 + -32?
-26
In base 10, what is -27 + -7?
-34
In base 15, what is -3c9 + 1?
-3c8
In base 13, what is -61 - -2c?
-32
In base 15, what is -2 - 15?
-17
In base 7, what is 64 + 15?
112
In base 8, what is 0 + -305?
-305
In base 5, what is -12041 + -2?
-12043
In base 9, what is 4 + -57?
-53
In base 16, what is -a - 3fd?
-407
In base 9, what is 3 + -1538?
-1535
In base 6, what is -2 - 100?
-102
In base 6, what is -102 - 45?
-151
In base 9, what is -1 + 88?
87
In base 8, what is -24 - 101?
-125
In base 3, what is 212012 - -11?
212100
In base 7, what is -31 - 13?
-44
In base 6, what is 4 + -21?
-13
In base 5, what is -10 + 142?
132
In base 2, what is -10 + -10111111?
-11000001
In base 8, what is -5 - -712?
705
In base 3, what is 222221 - 1?
222220
In base 9, what is -22 - 1107?
-1130
In base 6, what is -104 - -4?
-100
In base 7, what is 3 + 10345?
10351
In base 14, what is 59 - -2?
5b
In base 6, what is -10155 - -4?
-10151
In base 6, what is -1023 - 1?
-1024
In base 2, what is -10101 + -110101?
-1001010
In base 5, what is -34 - 12?
-101
In base 14, what is a + -22?
-16
In base 7, what is 56 - 22?
34
In base 10, what is -1253 - -5?
-1248
In base 6, what is 3 - -144?
151
In base 4, what is -2 - -2?
0
In base 9, what is -5 - -4474?
4468
In base 12, what is -4a + -1?
-4b
In base 2, what is -11 - -100100100?
100100001
In base 3, what is 11210 + 202?
12112
In base 6, what is 4 + -13442?
-13434
In base 5, what is -10 + -143?
-203
In base 13, what is 1 + -213?
-212
In base 16, what is 583 + 14?
597
In base 12, what is 25 - 21?
4
In base 16, what is -2b - 6?
-31
In base 10, what is 1 + -384?
-383
In base 10, what is -1822 - -2?
-1820
In base 14, what is -2b3 + 0?
-2b3
In base 8, what is -16033 - -1?
-16032
In base 2, what is 101111101111 - -1?
101111110000
In base 12, what is ba5 - -5?
baa
In base 5, what is -131 + 3?
-123
In base 8, what is 13776 + 3?
14001
In base 8, what is -5 - -253?
246
In base 7, what is -161 - 4?
-165
In base 16, what is 1 - 3d?
-3c
In 